 = -c - 4*c. What is i(c)?
-8
Let b(z) be the second derivative of z**3/2 + z**2 - 17*z - 3. Give b(-6).
-16
Let p(b) = -19*b**2 + 3*b - 1. Let t(a) = 11*a**2 - 2*a. Let u(d) = 4*p(d) + 7*t(d). Give u(5).
11
Let v(p) be the second derivative of -11/2*p**2 - 11/6*p**3 + 0 - 1/4*p**4 + 1/60*p**5 + 2*p. Let x(j) be the first derivative of v(j). Determine x(8).
5
Let a(i) = 3*i + 78. Let k be a(-28). Let v(w) = w**2 + 7*w - 3. Calculate v(k).
-9
Let z(g) be the second derivative of g**5/10 - g**3/3 + 3*g**2/2 - 5*g - 1. Calculate z(2).
15
Suppose -6*o + 4 = -8. Let k(g) = 3*g**3 + 2*g**2 - 4*g + 2. What is k(o)?
26
Let n(h) = 33*h**2 + 8*h - 13. Let z(k) = -11*k**2 - 3*k + 5. Let y(i) = -3*n(i) - 8*z(i). Determine y(1).
-12
Let v be (20/(-12))/(1/3). Let n(w) = -1 + 7*w + 269*w**2 + w**3 - 262*w**2 + 0*w**3. Calculate n(v).
14
Let x(z) be the second derivative of z**3/2 + z**2/2 + 8*z. Determine x(1).
4
Let h(r) = 2*r**2 - 3*r + 3. Let v = -12 + 21. Suppose -v*u + 1 + 17 = 0. Determine h(u).
5
Let h(l) = 3 - 2 + 6 - 3*l. Let v(u) = 3*u + 23. Let r be v(-6). Give h(r).
-8
Let g = -61 - -61. Let j(n) = n + 13. Determine j(g).
13
Let x = 21 - 25. Let z(g) = 15*g**2 + 0*g**3 - 2 - 19*g**2 - g**3. Give z(x).
-2
Let g(o) = o - 4. Let q(w) = -2*w**2 - 10*w + 41. Let j be q(3). Determine g(j).
-11
Let b be 2/(-3 + 3 + -2). Let x = 6 - b. Let n(m) = -m**2 - 4*m - x*m - 3 - 4 + 5*m. Calculate n(-5).
-2
Let a(j) = j**3 - 9*j**2 - 8 - 2*j**3 - 23*j + 13*j - 11. What is a(-8)?
-3
Let r(w) = -3*w**2 + w + 12. Let v(u) = 4*u**2 - u - 13. Let y(n) = -5*r(n) - 4*v(n). Let o be 10/25 - 34/10. Let h be (-22)/(-66) + 1/o. Determine y(h).
-8
Let j(a) = -2*a - 4. Let o be (-81)/(-54) - (-6)/(-4). What is j(o)?
-4
Let p(j) = j - 6*j**3 - 9*j**2 + 13*j**2 - 5*j**2 + 1. Give p(-1).
5
Let i(v) = v**3 - 17*v**2 + 15*v + 22. Let m be i(16). Let j(q) be the first derivative of -q**4/4 + 5*q**3/3 + 5*q**2/2 + q - 7. Determine j(m).
-5
Let b(f) = -18*f - 13. Let n be b(-1). Let z(k) = 2*k - 16. Calculate z(n).
-6
Let g(i) = -684*i**3 + 1374*i**3 - 8*i**2 - 691*i**3 - 7*i + 5. Determine g(-7).
5
Let h(a) = -3*a - 1. Let i(o) = -o**3 + 18*o**2 + 19*o - 8. Let y be i(19). Let l be (-12 + 7)*(y/5 - -1). Determine h(l).
-10
Let s(q) = -q**2 - 5*q + 1. Let o = 83 - 57. Suppose -2*d = -16 + o. What is s(d)?
1
Let x(s) = -s. Let b(y) = 3*y + 6. Suppose 2*f - 5*f = -3. Let r(z) = f*b(z) + 5*x(z). Let t = -76 - -71. Determine r(t).
16
Let r(z) = z**2 + 2*z + 1. Let g(l) = -l**2 - 18*l + 18. Let u be g(1). Determine r(u).
0
Let p(z) = 2*z**2 + 2*z + 3. Let r(w) = -w**2 + w - 1. Let m(y) = -p(y) - 3*r(y). Let i be ((-32)/12 + 3)*15. Calculate m(i).
0
Suppose -d - 7*o + 20 = -10*o, -4*d - o = -15. Let f(z) = -2*z - 5. Determine f(d).
-15
Let m(v) = v. Let s(k) = 6*k. Let r(w) = -2*w - 28. Let f be r(-5). Let z(j) = f*m(j) + 2*s(j). Let d(g) = -g**3 - g**2 - g - 2. Let h be d(0). Give z(h).
12
Let h = 49 - 47. Let i(v) = -3*v**2 - 3*v + 2. Give i(h).
-16
Let v(g) = 139*g + 134. Let w be v(-1). Let u(s) be the first derivative of -2 - 3/2*s**2 - s - 1/3*s**3. What is u(w)?
-11
Suppose 3*u - 15 = 2*x + 6*u, -2*x - 5*u = 25. Let w(j) = 0*j - 2*j + 4*j - 1 + x*j. What is w(-4)?
-9
Let r(i) = -7*i + 5. Let b(x) = 2*x. Let n(s) = 3*b(s) + r(s). What is n(0)?
5
Let p(v) = 4 + 8*v - v + 1 - 1 - v**2. Suppose i + 2*i - 24 = 0. Determine p(i).
-4
Let f(n) = -n**2 - 4*n - 3. Let h be 1 + -1 - -3*14/21. Suppose 0*d + 6 = -h*d. Give f(d).
0
Let w(i) = -193*i - 17. Let n(c) = -45*c - 4. Let p(j) = 26*n(j) - 6*w(j). Calculate p(1).
-14
Let x(w) = -12*w**2 + 7*w - 2. Let o(z) = 6*z**2 - 2*z - z + 0*z + 1. Let y(c) = -9*o(c) - 4*x(c). Suppose -2*i = 1 + 1. Give y(i).
-6
Let i = -25 + 41. Let u(y) = y**3 - 1 + 0*y**3 + 19*y - i*y + 4*y**2. Let q(m) = m**3 + 5*m**2 - 7*m - 9. Let a be q(-6). Calculate u(a).
-1
Let c(r) = r**3 - 13*r**2 + 13*r - 9. Suppose m - 7 - 5 = 0. Let o be c(m). Let y(d) = d - 3 + 6 + 0*d - d**2. Give y(o).
-3
Let q be (-6)/((-15)/(-5)) - (-15)/3. Let a(j) = -j**2 - 2*j + 1. What is a(q)?
-14
Let c(n) be the first derivative of n**2/2 - 29*n + 2. Determine c(13).
-16
Let r = 23 + -28. Let h(c) be the third derivative of c**4/24 + 7*c**3/6 + 3*c**2. What is h(r)?
2
Let z be -2 - (-32)/4 - 3. Let b(q) = -2*q + q**3 - 4*q + 5*q + 3*q - z - 3*q**2. Let a be 5 - 1 - (-10)/(-5). What is b(a)?
-3
Let j be 8/3*9/(-6) - -6. Let u(t) = 0 + 7*t**2 - 16*t**j + 8*t**2 - 5*t - 3. What is u(-3)?
3
Let s(n) = n**2 - 2. Let w be s(-2). Let m(k) = -2*k - k + 2*k + w. Suppose -44*l - 42 = -37*l. What is m(l)?
8
Let y(t) = -t**2 - 11*t - 11. Let v = -226 + 218. Determine y(v).
13
Let n be 4 + 0 - (9 + 0 + 0). Let l be n/(5/(-2))*(-18)/4. Let a(p) = -2*p - 8. Calculate a(l).
10
Let r(b) = -3*b**2 + 2*b - 8. Let j(q) = -2*q**2 + 3*q - 7. Let l(c) = 4*j(c) - 3*r(c). Let f(p) be the first derivative of l(p). Determine f(-4).
-2
Suppose -60 + 78 = 2*k. Let c be ((-864)/(-20))/k - (-1)/5. Let f(z) = 2*z + 8. Let i(v) = v + 4. Let m(d) = 2*f(d) - 5*i(d). What is m(c)?
-9
Let p(v) be the third derivative of 13*v**4/24 + v**3/6 - 65*v**2. Give p(1).
14
Let h be -5*2*(-18)/(-15). Let l be (-2 - 4/h)*-3. Suppose 2*d - l*d - 18 = 0. Let o(i) = i**2 + 4*i - 6. Give o(d).
6
Let z(c) = -3*c**2 + c - 2. Suppose -5*b + 4 = -2*s, -23*s + 25 = 5*b - 18*s. Calculate z(b).
-12
Let c(i) = 1 + 4*i - 3*i - 1. Let b be c(1). Let q(s) be the second derivative of -s**3 + s**2/2 - 2*s. What is q(b)?
-5
Let j(v) = -v**2 + 9*v + 13. Let w be j(10). Let k(r) = 4*r + 15*r**2 - 6*r**w - 2 + 4*r**3 + r**3 - 12*r**2. Calculate k(4).
-2
Let k(w) = w + 1. Let d(j) = j**3 + 20*j**2 + 17*j - 45. Let m be d(-19). What is k(m)?
-6
Suppose 2*q = -8*r + 3*r + 17, 3*q = 5*r - 12. Let c(y) = -37*y**2 + y - 1. What is c(q)?
-37
Let p(m) = -m**2 - 4*m - 2. Let y(j) = 3*j**2 + 8*j - 19. Let a(r) = r**2 + 3*r - 6. Let d(z) = 11*a(z) - 4*y(z). Let k be d(4). What is p(k)?
2
Let j be 153/51 - (-4)/2. Let v(t) = -3*t**3 - 2*t**2 + 7*t + 1. Let o(c) = -c**3 - c**2 + 2*c. Let d(l) = 11*o(l) - 4*v(l). What is d(j)?
16
Let r(l) = l**3 + 2*l**2 - 6*l - 3. Suppose 10*x = 8*x + 3*i - 23, 4*x + 1 = -3*i. Give r(x).
-11
Suppose 19*w = 7*w - 46*w. Let p(h) = -h - 5. Determine p(w).
-5
Let h(f) = -f**3 - 15*f**2 - 14*f - 15. Let r be -7 - (-42)/(-36)*6. What is h(r)?
-15
Let x(o) = -o. Let t(c) = 7*c**2 + 7*c + 13. Let k(g) = -6*g**2 + g**2 - 16*g - 7 + 12*g + g**2. Let p(n) = 5*k(n) + 3*t(n). Let h be p(0). Determine x(h).
-4
Let z(m) = 10*m**3 + 8*m**2 - 6*m + 12. Let l(u) = 7*u**3 + 5*u**2 - 4*u + 8. Let s(t) = 7*l(t) - 5*z(t). Determine s(-4).
-28
Suppose -3*c = p - 3, -2*c + 2*p - 5 = 5*p. Let d(s) = -3 + 2*s**2 - c*s**2 - s**2. Give d(-3).
-12
Let v = 3 + 5. Suppose -4*w - 5*g = -22 - v, 5*w - 5*g - 60 = 0. Let m(y) = w - y - y**3 - 2*y**2 + y**2 - 6. Give m(0).
4
Let q(u) be the second derivative of u**5/20 + 5*u**4/6 - 7*u**3/6 + 4*u**2 - 2*u + 105. What is q(-11)?
-36
Suppose 2*z = -d + 45, 0*d - 15 = -z + d. Let o be (-3 - z/(-2))*1. Let f(t) = 2*t - 9. Calculate f(o).
5
Let p(z) = -3*z - 1240 + 1247 + 7*z. Determine p(5).
27
Let q(a) be the second derivative of -a**4/12 + 5*a**3/3 - 5*a**2 - 2*a. Let o be q(8). Let j(r) = 44*r - 1 - 15*r - r**2 - 14*r - 9*r. Give j(o).
-1
Let q(c) = -c**3 + 11*c**2 - 24*c + 7. Let p be q(7). Let j be (84/p)/((-2)/5). Let l(f) = 3*f + 8. Determine l(j).
-10
Suppose 8 + 0 = 2*l. Let q = -8 + l. Let w(u) = 48*u - 3. Let d(o) = -17*o + 1. Let z(b) = -17*d(b) - 6*w(b). Calculate z(q).
-3
Let w(l) = l**2 + 5*l - 7. Let v = 109 - 115. Determine w(v).
-1
Let c(s) = 4*s**2 + 51*s + 34. Let v(x) = -2*x**2 - 26*x - 17. Let p(l) = -3*c(l) - 5*v(l). Let w(a) = a**2 + 11*a + 8. Let b(h) = 4*p(h) + 9*w(h). Give b(-5).
-6
Let r be 3*8/120*-5*-3. Let d(m) = 3*m**2 - 7*m. Calculate d(r).
6
Suppose -1 = m - 4*f, 0*f - 3*f = -3. Suppose 16 = -7*u + m*u. Let n(b) = -b**3 - 5*b**2 - 4*b - 3. Give n(u).
-3
Let x(u) be the third derivative of -u**5/60 + u**4/4 + u**3/3 + 33*u**2. Determine x(4).
10
Let z(h) = -78*h**3 + 0*h**2 + 77*h**3 - 28*h + 30*h + h**2. Give z(2).
0
Let h(x) = -x**2 + 10*x - 6. Suppose 15 = 4*q + d - 2*d, 23 = 5*q + 3*d. Suppose -2*s + 7*s - 36 = -3*g, -q*g = -s + 21. What is h(s)?
3
Suppose 3*o = -0*o + 12, a = -o + 8. L